{"id":233828,"date":"2023-02-17T20:59:57","date_gmt":"2023-02-18T01:59:57","guid":{"rendered":"https:\/\/www.pafensol.com\/web\/producto\/ab-cronch-sport-fitness-5-negro\/"},"modified":"2024-01-02T17:54:50","modified_gmt":"2024-01-02T22:54:50","slug":"ab-cronch-sport-fitness-5-negro","status":"publish","type":"product","link":"https:\/\/www.pafensol.com\/web\/producto\/ab-cronch-sport-fitness-5-negro\/","title":{"rendered":"Ab Cronch Sport Fitness 5 Negro"},"content":{"rendered":"<p>Ab Cronch Sport Fitness Negro, es una m\u00e1quina dise\u00f1ada para tonificar y fortalecer todos los m\u00fasculos abdominales, el recto abdominal, oblicuos y cintura; ayuda a quemar grasa localizada, su estructura met\u00e1lica con pintura electrost\u00e1tica, espuma indeformable, para apoyar codos y\u00a0rodillas. Con ella vienen unos rodamientos encauchados para mayor suavidad, sus bases y agarres antideslizantes. Tambien trae cuatro niveles de resistencia de los cuales ayudan al indicador de repeticiones, tiempo y calor\u00edas.<\/p>\n","protected":false},"excerpt":{"rendered":"<ul>\n<li> &#8211; Monitor indicador de repeticiones, tiempo y calor\u00edas <\/li>\n<li> &#8211; Fortalece el recto abdominal, Oblicuos y cintura <\/li>\n<li> &#8211; Peso maximo del usuario 80 Kg <\/li>\n<li> &#8211; Uso: Domestico Premium <\/li>\n<\/ul>\n","protected":false},"featured_media":233825,"template":"","meta":{"_et_pb_use_builder":"","_et_pb_old_content":"","_et_gb_content_width":"","_joinchat":[]},"product_cat":[15],"product_tag":[],"_links":{"self":[{"href":"https:\/\/www.pafensol.com\/web\/wp-json\/wp\/v2\/product\/233828"}],"collection":[{"href":"https:\/\/www.pafensol.com\/web\/wp-json\/wp\/v2\/product"}],"about":[{"href":"https:\/\/www.pafensol.com\/web\/wp-json\/wp\/v2\/types\/product"}],"wp:featuredmedia":[{"embeddable":true,"href":"https:\/\/www.pafensol.com\/web\/wp-json\/wp\/v2\/media\/233825"}],"wp:attachment":[{"href":"https:\/\/www.pafensol.com\/web\/wp-json\/wp\/v2\/media?parent=233828"}],"wp:term":[{"taxonomy":"product_cat","embeddable":true,"href":"https:\/\/www.pafensol.com\/web\/wp-json\/wp\/v2\/product_cat?post=233828"},{"taxonomy":"product_tag","embeddable":true,"href":"https:\/\/www.pafensol.com\/web\/wp-json\/wp\/v2\/product_tag?post=233828"}],"curies":[{"name":"wp","href":"https:\/\/api.w.org\/{rel}","templated":true}]}}