{"id":234367,"date":"2023-04-12T17:02:19","date_gmt":"2023-04-12T22:02:19","guid":{"rendered":"https:\/\/www.pafensol.com\/web\/producto\/triciclos-gw-jk-a28-xg19119-amarillo\/"},"modified":"2023-12-06T15:09:52","modified_gmt":"2023-12-06T20:09:52","slug":"triciclos-gw-jk-a28-xg19119-amarillo","status":"publish","type":"product","link":"https:\/\/www.pafensol.com\/web\/producto\/triciclos-gw-jk-a28-xg19119-amarillo\/","title":{"rendered":"Triciclos Gw Jk-A28 Xg19119 Amarillo"},"content":{"rendered":"<p>TRICICLOS GW JK-A28 XG19119 AMARILLO<br \/>\nTriciclo con marco en acero, mangos en caucho, sillas ancha y c\u00f3moda en pasta de alta resistencia, guardabarro delantero, pedales en pasta, llantas en espuma de alta compresi\u00f3n que dan mayor agarre, recomendado para ni\u00f1os de 2 a 4 a\u00f1os de edad.<\/p>\n","protected":false},"excerpt":{"rendered":"<ul>\n<li> -Mangos en caucho <\/li>\n<li> -Guardabarro delantero <\/li>\n<li> -Pedales en pasta <\/li>\n<\/ul>\n","protected":false},"featured_media":234364,"template":"","meta":{"_et_pb_use_builder":"","_et_pb_old_content":"","_et_gb_content_width":"","_joinchat":[]},"product_cat":[27],"product_tag":[],"_links":{"self":[{"href":"https:\/\/www.pafensol.com\/web\/wp-json\/wp\/v2\/product\/234367"}],"collection":[{"href":"https:\/\/www.pafensol.com\/web\/wp-json\/wp\/v2\/product"}],"about":[{"href":"https:\/\/www.pafensol.com\/web\/wp-json\/wp\/v2\/types\/product"}],"wp:featuredmedia":[{"embeddable":true,"href":"https:\/\/www.pafensol.com\/web\/wp-json\/wp\/v2\/media\/234364"}],"wp:attachment":[{"href":"https:\/\/www.pafensol.com\/web\/wp-json\/wp\/v2\/media?parent=234367"}],"wp:term":[{"taxonomy":"product_cat","embeddable":true,"href":"https:\/\/www.pafensol.com\/web\/wp-json\/wp\/v2\/product_cat?post=234367"},{"taxonomy":"product_tag","embeddable":true,"href":"https:\/\/www.pafensol.com\/web\/wp-json\/wp\/v2\/product_tag?post=234367"}],"curies":[{"name":"wp","href":"https:\/\/api.w.org\/{rel}","templated":true}]}}