{"id":234403,"date":"2023-04-19T09:42:27","date_gmt":"2023-04-19T14:42:27","guid":{"rendered":"https:\/\/www.pafensol.com\/web\/producto\/soporte-para-automovil-para-2-bicicletas-negro\/"},"modified":"2023-12-14T10:40:28","modified_gmt":"2023-12-14T15:40:28","slug":"soporte-para-automovil-para-2-bicicletas-negro","status":"publish","type":"product","link":"https:\/\/www.pafensol.com\/web\/producto\/soporte-para-automovil-para-2-bicicletas-negro\/","title":{"rendered":"Soporte Para Autom\u00f3vil Para 2 Bicicletas Negro"},"content":{"rendered":"<p>F\u00e1cil instalaci\u00f3n lleva 5 correas de anclaje una protecci\u00f3n anti rayones para veh\u00edculo, protecci\u00f3n anti rayones para las bicicletas. Articulaci\u00f3n dentada para ajuste de inclinaci\u00f3n correas de seguridad para las bicicletas y tambi\u00e9n gu\u00edas de posici\u00f3n. Este porta bicicletas para autom\u00f3vil es ideal para para transportar 2 bicicletas , esta elaborado en aluminio resistente de color negro, soporta una carga m\u00e1xima de 40kg es pr\u00e1ctico y seguro, de f\u00e1cil montaje, perfecto para autom\u00f3vil y campero, ajuste universal. Tiene cuatro correas para las bicicletas en pl\u00e1stico para brindar mayor seguridad al momento de trasladarlas, tres para la parte inferior del autom\u00f3vil y dos para la parte superior, los soportes son blandos para evitar rayones, brinda comodidad y practicidad.<\/p>\n","protected":false},"excerpt":{"rendered":"<ul>\n<li> Material: estructura en acero <\/li>\n<li> Capacidad de carga: 2 Bicicletas (30 kg) <\/li>\n<li> Instalaci\u00f3n: 5 correas de anclaje al veh\u00edculo <\/li>\n<\/ul>\n","protected":false},"featured_media":234400,"template":"","meta":{"_et_pb_use_builder":"","_et_pb_old_content":"","_et_gb_content_width":"","_joinchat":[]},"product_cat":[27],"product_tag":[],"_links":{"self":[{"href":"https:\/\/www.pafensol.com\/web\/wp-json\/wp\/v2\/product\/234403"}],"collection":[{"href":"https:\/\/www.pafensol.com\/web\/wp-json\/wp\/v2\/product"}],"about":[{"href":"https:\/\/www.pafensol.com\/web\/wp-json\/wp\/v2\/types\/product"}],"wp:featuredmedia":[{"embeddable":true,"href":"https:\/\/www.pafensol.com\/web\/wp-json\/wp\/v2\/media\/234400"}],"wp:attachment":[{"href":"https:\/\/www.pafensol.com\/web\/wp-json\/wp\/v2\/media?parent=234403"}],"wp:term":[{"taxonomy":"product_cat","embeddable":true,"href":"https:\/\/www.pafensol.com\/web\/wp-json\/wp\/v2\/product_cat?post=234403"},{"taxonomy":"product_tag","embeddable":true,"href":"https:\/\/www.pafensol.com\/web\/wp-json\/wp\/v2\/product_tag?post=234403"}],"curies":[{"name":"wp","href":"https:\/\/api.w.org\/{rel}","templated":true}]}}