{"id":234803,"date":"2023-06-07T11:43:09","date_gmt":"2023-06-07T16:43:09","guid":{"rendered":"https:\/\/www.pafensol.com\/web\/producto\/mangos-velo-vlg-1389d3-l1-133mm-anillo-naranja\/"},"modified":"2023-09-13T11:58:59","modified_gmt":"2023-09-13T16:58:59","slug":"mangos-velo-vlg-1389d3-l1-133mm-anillo-naranja","status":"publish","type":"product","link":"https:\/\/www.pafensol.com\/web\/producto\/mangos-velo-vlg-1389d3-l1-133mm-anillo-naranja\/","title":{"rendered":"MANGOS VELO VLG 1389D3-L1 133MM ANILLO NARANJA"},"content":{"rendered":"<p>Mangos ergon\u00f3micos marca velo, c\u00f3modos y seguros, con anillo de seguridad en aluminio con tornillo br\u00edstol.<\/p>\n","protected":false},"excerpt":{"rendered":"<ul>\n<li> Edad recomendada N A <\/li>\n<\/ul>\n","protected":false},"featured_media":234800,"template":"","meta":{"_et_pb_use_builder":"","_et_pb_old_content":"","_et_gb_content_width":"","_joinchat":[]},"product_cat":[27],"product_tag":[],"_links":{"self":[{"href":"https:\/\/www.pafensol.com\/web\/wp-json\/wp\/v2\/product\/234803"}],"collection":[{"href":"https:\/\/www.pafensol.com\/web\/wp-json\/wp\/v2\/product"}],"about":[{"href":"https:\/\/www.pafensol.com\/web\/wp-json\/wp\/v2\/types\/product"}],"wp:featuredmedia":[{"embeddable":true,"href":"https:\/\/www.pafensol.com\/web\/wp-json\/wp\/v2\/media\/234800"}],"wp:attachment":[{"href":"https:\/\/www.pafensol.com\/web\/wp-json\/wp\/v2\/media?parent=234803"}],"wp:term":[{"taxonomy":"product_cat","embeddable":true,"href":"https:\/\/www.pafensol.com\/web\/wp-json\/wp\/v2\/product_cat?post=234803"},{"taxonomy":"product_tag","embeddable":true,"href":"https:\/\/www.pafensol.com\/web\/wp-json\/wp\/v2\/product_tag?post=234803"}],"curies":[{"name":"wp","href":"https:\/\/api.w.org\/{rel}","templated":true}]}}