{"id":234840,"date":"2023-06-22T11:42:38","date_gmt":"2023-06-22T16:42:38","guid":{"rendered":"https:\/\/www.pafensol.com\/web\/producto\/balon-golary-argon-pro-microfutbol\/"},"modified":"2023-09-13T11:58:52","modified_gmt":"2023-09-13T16:58:52","slug":"balon-golary-argon-pro-microfutbol","status":"publish","type":"product","link":"https:\/\/www.pafensol.com\/web\/producto\/balon-golary-argon-pro-microfutbol\/","title":{"rendered":"BALON GOLARY ARGON PRO MICROFUTBOL"},"content":{"rendered":"<p>Neum\u00e1tico de butilo, enmallado en Nylon, cubierta interna de caucho esponjosa, herm\u00e9tica (resistente al agua), Cuero PU (SEUL 2.3.MM), Termosellado 100% impermeable, tecnolog\u00eda panel fusi\u00f3n, construcci\u00f3n de solo 4 paneles para mayor balance, velocidad y desempe\u00f1o. Marcas en relieve y dise\u00f1o impreso.<\/p>\n","protected":false},"excerpt":{"rendered":"<ul>\n<li> Medida 60-62 cm <\/li>\n<li> Peso 475 gramos <\/li>\n<li> Rebote 20-30 cm de una altura de 2 metros <\/li>\n<li> Apto para juego sobre: cemento, madera <\/li>\n<li> Edad recomendada todas <\/li>\n<\/ul>\n","protected":false},"featured_media":234836,"template":"","meta":{"_et_pb_use_builder":"","_et_pb_old_content":"","_et_gb_content_width":"","_joinchat":[]},"product_cat":[27],"product_tag":[],"_links":{"self":[{"href":"https:\/\/www.pafensol.com\/web\/wp-json\/wp\/v2\/product\/234840"}],"collection":[{"href":"https:\/\/www.pafensol.com\/web\/wp-json\/wp\/v2\/product"}],"about":[{"href":"https:\/\/www.pafensol.com\/web\/wp-json\/wp\/v2\/types\/product"}],"wp:featuredmedia":[{"embeddable":true,"href":"https:\/\/www.pafensol.com\/web\/wp-json\/wp\/v2\/media\/234836"}],"wp:attachment":[{"href":"https:\/\/www.pafensol.com\/web\/wp-json\/wp\/v2\/media?parent=234840"}],"wp:term":[{"taxonomy":"product_cat","embeddable":true,"href":"https:\/\/www.pafensol.com\/web\/wp-json\/wp\/v2\/product_cat?post=234840"},{"taxonomy":"product_tag","embeddable":true,"href":"https:\/\/www.pafensol.com\/web\/wp-json\/wp\/v2\/product_tag?post=234840"}],"curies":[{"name":"wp","href":"https:\/\/api.w.org\/{rel}","templated":true}]}}